{"id":26,"date":"2023-11-15T10:37:43","date_gmt":"2023-11-15T10:37:43","guid":{"rendered":"https:\/\/mibancodepruebas.com\/?post_type=product&#038;p=26"},"modified":"2023-11-15T10:42:34","modified_gmt":"2023-11-15T10:42:34","slug":"video-de-formacion-1","status":"publish","type":"product","link":"https:\/\/mibancodepruebas.com\/index.php\/producto\/video-de-formacion-1\/","title":{"rendered":"Video de Formaci\u00f3n 1"},"content":{"rendered":"<p>Este producto facilita la introducci\u00f3n a la configuraci\u00f3n inicial de WordPress.<\/p>","protected":false},"excerpt":{"rendered":"<p>Este producto facilita la introduccion a la configuraci\u00f3n inicial de Wordpress<\/p>\n","protected":false},"featured_media":28,"comment_status":"open","ping_status":"closed","template":"","meta":{"_monsterinsights_skip_tracking":false,"_monsterinsights_sitenote_active":false,"_monsterinsights_sitenote_note":"","_monsterinsights_sitenote_category":0},"product_cat":[21],"product_tag":[],"class_list":{"0":"post-26","1":"product","2":"type-product","3":"status-publish","4":"has-post-thumbnail","6":"product_cat-sin-categorizar","8":"first","9":"instock","10":"shipping-taxable","11":"purchasable","12":"product-type-simple"},"_links":{"self":[{"href":"https:\/\/mibancodepruebas.com\/index.php\/wp-json\/wp\/v2\/product\/26","targetHints":{"allow":["GET"]}}],"collection":[{"href":"https:\/\/mibancodepruebas.com\/index.php\/wp-json\/wp\/v2\/product"}],"about":[{"href":"https:\/\/mibancodepruebas.com\/index.php\/wp-json\/wp\/v2\/types\/product"}],"replies":[{"embeddable":true,"href":"https:\/\/mibancodepruebas.com\/index.php\/wp-json\/wp\/v2\/comments?post=26"}],"wp:featuredmedia":[{"embeddable":true,"href":"https:\/\/mibancodepruebas.com\/index.php\/wp-json\/wp\/v2\/media\/28"}],"wp:attachment":[{"href":"https:\/\/mibancodepruebas.com\/index.php\/wp-json\/wp\/v2\/media?parent=26"}],"wp:term":[{"taxonomy":"product_cat","embeddable":true,"href":"https:\/\/mibancodepruebas.com\/index.php\/wp-json\/wp\/v2\/product_cat?post=26"},{"taxonomy":"product_tag","embeddable":true,"href":"https:\/\/mibancodepruebas.com\/index.php\/wp-json\/wp\/v2\/product_tag?post=26"}],"curies":[{"name":"wp","href":"https:\/\/api.w.org\/{rel}","templated":true}]}}